5*l**2 - 2*l + 1. Suppose 3*k - 4*k + 4*a = 24, k + 2*a = 6. Let w(o) = o**2 + 2. Let i be w(2). Let z be (i/9)/(k/(-6)). Give h(z).
4
Let l(w) = w**3 - 2*w**2 + w + 2. Let n be l(1). Let d(x) = 40*x**2 - 40*x**2 + 0*x**3 - x**3 - x - n. Give d(-2).
8
Suppose -t + 17*t = 48. Suppose m + t*m = 0. Let g(u) = 5*u**3 - 5*u**2 - 4*u - 5. Let c(n) = -n**3 + n**2 + n. Let i(x) = -4*c(x) - g(x). Give i(m).
5
Let u(w) = 5*w + 17. Let t(d) = 9*d + 295. Let b be t(-32). Let n be b*(-6)/8 - 20/(-80). Determine u(n).
-8
Let q(a) = a**3 - 6*a**2 + a. Let u be (21/(-6) - 15/20)*-8. Suppose -2*r + 5*v = -u - 1, 10 = 3*r + v. Calculate q(r).
-20
Let p(k) be the first derivative of -13*k**2/2 - 39*k - 1575. Calculate p(-2).
-13
Let y(r) be the first derivative of r**3/3 + 2*r**2 - 9*r - 164. Suppose -4*v + 0*v = -172. Suppose 3*g = 4*s + v, -5*s - 14 = g + 16. Determine y(s).
12
Let l(x) = x**3 + 4*x**2 - 5*x - 2. Let k be l(-5). Let j = -877 - -879. Let n(c) = 0*c**2 + c**2 - 1248 - j*c**3 + 4*c**3 + 1248. Give n(k).
-12
Let a(h) be the first derivative of -h**4/12 + 2*h**3/3 - 67*h - 28. Let z(i) be the first derivative of a(i). What is z(3)?
3
Suppose -163*j + 88 = -185*j. Let g(n) = n**3 + 5*n**2 - n + 2. Calculate g(j).
22
Suppose -502*f - 9 = -2*p - 499*f, 0 = f - 1. Let n(l) be the first derivative of p*l + 1/2*l**2 - 15. Calculate n(-7).
-1
Let g(l) be the first derivative of -2*l**3/3 - 2*l**2 - 6*l + 193. Suppose -3*z + i = 17, i = 2*i + 1. Let c(s) = -s - 10. Let o be c(z). Calculate g(o).
-22
Let p(h) be the second derivative of -h**3/3 + 21*h**2 + 2833*h. Calculate p(19).
4
Let p(w) = -w**3 - 5*w**2 + 6*w - 3. Suppose 14*c = -8*c - 132. Let h be p(c). Let x(g) be the first derivative of -g**2/2 - 3*g - 1. Calculate x(h).
0
Let f(v) = 2*v - 11. Let m(i) = 9. Let w be 0 + 15/(-3 - 0). Let b(q) = w*f(q) - 6*m(q). What is b(-4)?
41
Let v(j) be the third derivative of -j**6/60 - j**5/20 - j**4/24 + j**2 - 3140*j. Calculate v(-2).
6
Let l(m) = m**2 + 18*m - 26. Suppose 5*c = 4*j + 109, -260*c - 48 = 3*j - 257*c. What is l(j)?
37
Let m(z) = -2*z - 8. Suppose 16*b = 11*b + 25. Suppose -4*t = -3*y + 22, 0 = y - b*t - 4 - 7. Calculate m(y).
-20
Let w(a) = -110770*a + 62 + 110765*a - 21. Calculate w(12).
-19
Let l = 18861 + -18854. Let d(k) = -2*k**2 + 13*k + 21. What is d(l)?
14
Suppose -243 = 2*z + 3*r + 2*r, 4*z = -3*r - 451. Let j = z - -119. Let h(y) = y**2 - 10*y + 10. Give h(j).
10
Suppose -p = 2*u - 13, -2*p - 4*u = -6*p + 16. Let a(o) be the first derivative of o**4/4 - 2*o**3 - 5*o**2/2 - 12*o + 9931. Calculate a(p).
2
Let u(a) be the first derivative of 5*a**3/3 + a**2/2 - 2. Suppose 2*q + 14 = -m - 2*q, 0 = 5*q + 20. Suppose 12*w - 11*w - 3 = m*b, 2*w - 2 = 0. What is u(b)?
4
Suppose 1652 = -2*n - 2*i, 18*n = 20*n + 3*i + 1656. Let k = 816 + n. Let d(g) = 2*g**2 + 12*g - 3. Determine d(k).
-3
Let i(m) be the third derivative of -m**5/60 - m**4/3 - m**3/6 + 104*m**2. Let n be 5*-4*(-4)/40. Suppose 27 - 39 = n*l. Give i(l).
11
Let w(a) = -2*a - 17. Let n be 18/12 - (-12)/8. Suppose 18*y - n*y + 180 = 0. Give w(y).
7
Let x = -2292 + 2292. Let p(w) = -47*w + 1. Calculate p(x).
1
Let x(v) = -v**3 + 10*v**2 - 35*v + 151. Suppose 1341 + 771 = 224*u + 40*u. What is x(u)?
-1
Suppose 80 = -17*d + d. Let y(g) = -11*g - 50. Let f be y(d). Let l(b) = -f*b + b**2 - 1 + 5 + 6*b. What is l(-4)?
16
Let y be (-11)/(-5) + -2 - 6784/(-530). Let u(d) = y*d**2 + 10*d - 3*d**2 - 22868*d**3 + 22869*d**3 + 6. Give u(-9).
-3
Let c(h) be the first derivative of -2*h**3/3 - 3*h**2/2 - 6*h + 3593. Calculate c(-2).
-8
Let p be (11/1 - -11) + -14. Let v(a) = a**3 - 6*a**2 - 7*a - 9. What is v(p)?
63
Let f(y) = 22*y + 26*y + 56 - 43*y. Calculate f(-15).
-19
Let f(w) be the third derivative of w**5/10 - w**3/6 - w**2. Suppose -25*c + 141 = -9. Suppose -9*a + c*a - 13 = 4*u, -3*u - 4*a - 15 = 0. What is f(u)?
5
Let r(b) = 7*b - 4 - b**2 - 5 + 11. Let z(w) = -6*w**2 + 77*w - 54. Let o be z(12). What is r(o)?
8
Let q(t) be the second derivative of t**5/20 + t**4/6 - t**3/3 + t**2 - 3138*t. Calculate q(0).
2
Let t(x) = 2*x**2 - 62*x + 64. Let l be t(30). Suppose 21 = h - 5*d, -5*d + 15 = h + l*h. Let z(c) = -2*c**2 + 10*c + 7. What is z(h)?
-5
Let p = 331 + -1975/6. Let j(r) be the third derivative of 0*r - p*r**3 + 10*r**2 + 0 + 1/24*r**4. Calculate j(8).
-3
Suppose -p - 5*k = -8*k - 7, 0 = 5*p + 3*k - 17. Let g(y) = y**2 - 42*y - 39*y - 5 + 77*y. What is g(p)?
-5
Let l(w) be the first derivative of w**5/20 - w**4/3 - 5*w**3/6 + 5*w**2/2 + 79*w + 59. Let v(n) be the first derivative of l(n). What is v(4)?
-15
Let r(q) = -q. Let a be 10/(-1 + (-3 - (-6)/1)). Let c(z) = 12*z + 1. Let l(i) = a*r(i) + c(i). Let t be l(-1). Let d(v) = -v**2 - 6*v + 8. Determine d(t).
8
Let c(k) = k**3 - 14*k**2 + 5*k + 105. Let m be c(13). Let j(i) = 34*i - 31. What is j(m)?
3
Suppose 761*y - 769*y = 0. Let q(a) = -a**2 + 25*a - 2. Determine q(y).
-2
Let b(a) be the first derivative of a**5/120 - a**4/3 - 248*a**3/3 - 90. Let h(f) be the third derivative of b(f). What is h(8)?
0
Let p(m) be the second derivative of m**3/6 - 37*m**2 - 5759*m. What is p(-7)?
-81
Let x = 127 + -138. Let d(u) = 5*u**3 - 36*u**2 - 26*u. Let c(w) = -w**3 + 7*w**2 + 5*w. Let q(y) = x*c(y) - 2*d(y). Determine q(3).
-27
Suppose 0 = 70*j - 65*j - 15. Suppose 29*v - j*v = 156. Let p(m) = -m**2 + 8*m - 13. Calculate p(v).
-1
Suppose -28*b = 358 + 314. Let l(m) = -9*m - 216. Give l(b).
0
Let v(y) = -y**3 + 8*y**2 + y + 79. Let r be v(9). Let i(z) = -28*z + 194. Give i(r).
-2
Let z(d) = -d**2 - 5*d - 13. Suppose 98 - 114 = 4*t. Let h be z(t). Let j(m) be the second derivative of m**4/12 + 4*m**3/3 - 20*m. What is j(h)?
9
Suppose 3*a - 21 = -3*x, -2*a = 5*x - 45 + 22. Let b(z) be the third derivative of -30*z**2 + 0 + 0*z + 1/8*z**4 + 0*z**x. Calculate b(1).
3
Let a = -3077 - -3084. Let x(v) = 7*v - 49. Calculate x(a).
0
Let y = 2891 + -2894. Let z(t) = 5*t - 3. Determine z(y).
-18
Suppose 119*l - 1104 = 211*l. Let g(h) = -h**2 - 13*h - 15. Give g(l).
-3
Let u(o) = o**3 - 10*o**2 + 9*o - 77. Let p be u(10). Let l(g) = -3*g**2 + 26*g + 29. Calculate l(p).
-140
Let f = 183 - 172. Let g(q) = -f*q**2 + 0*q**2 + 4*q**2 + 4*q**2. Calculate g(1).
-3
Let z be 1 + 39/(-5) - (12/(-5))/3. Let x(s) = s**3 + 6*s**2 + 8*s + 34. Determine x(z).
-14
Let p be ((-2684)/9394)/(0 - (-2)/28). Let c(g) = -g**3 + g**2 + g. Let o(z) = z**3 - 2*z. Let a(q) = 2*c(q) + 3*o(q). Determine a(p).
-16
Let s(d) = -d**3 + 8*d**2 - 2*d - 6. Suppose 600 = 3*i + 585. Calculate s(i).
59
Let m(q) be the second derivative of -q**8/6720 - q**5/60 + 5*q**4/12 + 24*q. Let v(r) be the third derivative of m(r). Let h = -19 + 19. Determine v(h).
-2
Let i be 179/(-12) + 109/(-1308). Let d(j) = 4*j + 64. Calculate d(i).
4
Let u = -32 - -42. Let v(o) = -o**3 + 13*o**2 - 31*o + 13. Let y be v(u). Let q(n) = n**3 - 3*n**2 - n - 4. Calculate q(y).
-7
Let w(p) = 9*p - 68. Let g(y) = -19*y**3 + 76*y**2 + 8. Let h be g(4). Calculate w(h).
4
Let y(m) = 4*m**3 + 6*m**2 - 13*m + 6. Let j(s) = 7*s**3 + 12*s**2 - 27*s + 12. Let n(o) = -3*j(o) + 5*y(o). Suppose -5 = 4*h - 2*k + 17, -5 = k. Give n(h).
-6
Let w(x) be the third derivative of 5*x**4/3 - 4*x**3/3 + 463*x**2. What is w(-2)?
-88
Let u(o) be the first derivative of -1/3*o**3 + 2*o - 1/2*o**2 + 1/4*o**4 + 210. Calculate u(3).
17
Let y(z) = -25*z**2 + z - 1. Suppose 3*r + 2589 = 5*i - 925, 4*i + 2*r = 2820. Let n be (-1)/3 + i/96 + -6. Determine y(n).
-25
Let y(b) = b**2 - 3*b + 6. Suppose 0 = -3*p - 5*v + 5, 3*p = -36*v + 37*v - 19. Calculate y(p).
46
Let o(f) be the second derivative of -f**4/12 + 17*f**3/6 + 15*f**2/2 - 81*f. What is o(16)?
31
Let a(t) = -76*t - 1060. Let y be a(-14). Let s(x) be the second derivative of 4*x + 0 - 2/3*x**3 + 3/2*x**2 - 1/3*x**y. Determine s(2).
-21
Let m(y) = 27*y**3 - y**2 + y - 1. Suppose -2*t + 4 = 0, -3*t = -10*d + 9*d + 278. Let w = d - 283. Give m(w).
26
Suppose -240 = -5*u - 3*p - 238, 3*u = 5*p - 26. Let f(x) = 12*x**2 + 2*x + 2. Give f(u).
46
Suppose v + 43 = -n, 29*v - 36*n = 24*v + 72. Let j(y) = y**2 + 58*y + 788. Determine j(v).
-4
Let a(w) = 66*w**2 + 658*w + 4. Let v be a(-10). Let d(i) = -7*i + 180. Determine d(v).
12
Let r = -3853 - -3876. Let m(c) = 4*c - 99. Give m(r).
-7
Let c(